/1 - -203. Calculate the greatest common factor of 638 and s.
11
Suppose 17*w - 15*w + 2*m = 1158, w - 591 = m. What is the greatest common factor of 2210 and w?
65
Suppose p - 4*p + 3*o = -51, 37 = p + 4*o. Suppose -4*l + p = -l. Suppose l*t - 139 = -48. Calculate the highest common divisor of 26 and t.
13
Suppose -633*t + 8116 = -629*t + 4*n, -5*t + 10148 = 2*n. Calculate the greatest common factor of t and 560.
70
Let y(k) = k**3 - 32*k**2 - 34*k + 31. Let j be y(33). Let l be j/(-10)*-2 - 2556/(-90). What is the greatest common factor of l and 70?
14
Suppose 0 = 49*d - 43*d - 6450. Suppose -283 + d = 9*z. Let w = 63 - 41. What is the greatest common divisor of z and w?
22
Let k(s) = 37*s + 5. Let q be k(-1). Let j = 41 + q. Let c be j/(27/6) - (1 - 18). Calculate the greatest common divisor of c and 209.
19
Suppose 0 = -2*m - 3*h + 12, 2*m - 12 = -2*h + 7*h. Suppose -m = 4*k - 22. Let l be 2 + -2 + (k - -8). What is the greatest common divisor of 12 and l?
12
Let r be 14*(-7 + 5)*2/(-14). Suppose 0 = -4*w + 4 + 4. Suppose 0 = w*n - n - 6. Calculate the highest common factor of r and n.
2
Suppose -2*i + 2538 = 5*k - 10283, -4*i = -3*k + 7729. Calculate the greatest common divisor of k and 17.
17
Suppose -28 = -5*w + 2. Let v be w/(-1*(-1)/1). Suppose 1659*c = 1658*c + 4*s + 52, 2*c + s - 41 = 0. Calculate the highest common factor of v and c.
6
Suppose -7*h = -3*h + 84. Let j be (-21)/(-6)*(3 + (-9)/h). Let w be 2/4 - 9/(-6). What is the greatest common factor of j and w?
2
Suppose 5*i = 5*l - 4*l + 1110, -i = -l - 1118. Let h be ((-9)/(-4))/((-70)/l). What is the highest common factor of h and 468?
36
Suppose 121*w - 86*w - 14014 = -251*w. Calculate the highest common divisor of 224 and w.
7
Let p be 0/3 + -1 + 184 + -111 + 8. Calculate the highest common factor of 10144 and p.
16
Suppose 46 = -p + 5*i, 2*p + 3*p + 4*i = -346. Let g = p - -76. Calculate the highest common divisor of g and 290.
10
Let a be (-6)/(-7) + 536*(-26)/(-728). What is the greatest common divisor of 4210 and a?
10
Let f = -143 + 178. Suppose -c + f = 30. Suppose c*p + 12 = t + 2*p, 0 = -t - 3*p + 6. What is the greatest common divisor of 9 and t?
9
Suppose -24*c + 6240 = -102*c. Let q be 11 + (-60)/c + (-11)/4. Let m = 18 + -9. Calculate the highest common divisor of q and m.
9
Suppose 3*z + 3*z - 36 = 0. Let w be (-16)/z*-3 - (7 - 4). Let a be ((-1)/(-1) - 0)*20. What is the highest common divisor of w and a?
5
Suppose -8*s - 5*y = -4*s + 32, s = -3*y - 8. Let n(a) = a + 3*a - 2*a + 22. Let f be n(s). What is the greatest common divisor of 54 and f?
6
Suppose -5*b + 8 = 2*d - 15, -5*d + 15 = 4*b. Let v(l) = -8*l + 19 + 3*l + 64 - 29. Let r be v(b). Calculate the greatest common factor of 116 and r.
29
Suppose 8 = b - z, 0*z + 34 = 4*b - 5*z. Let d(h) = -103*h - 5. Let n be d(-2). Let x = n - 192. What is the greatest common factor of b and x?
3
Let k be (2/(-4))/((-798)/132 + 6). Suppose o + k = -5*l + 8*l, -17 = 2*o - 5*l. Calculate the highest common factor of 164 and o.
4
Let y = -85223 + 85256. Suppose 0 = 2*l + 8, 0 = -2*b - 0*b - 3*l. Suppose -b = -i + 5. Calculate the highest common factor of i and y.
11
Let m(n) = -3*n**3 + n**2. Suppose 0 = 2*l + 9*v - 4*v + 26, -2*v + 4 = -4*l. Let i be m(l). Let o = i + -46. Calculate the highest common factor of 22 and o.
22
Suppose -5*c - 1 = 4. Let g be 3*3/3 - c. Let f be (12/4 + -2)*32/g. Calculate the highest common divisor of 88 and f.
8
Let c = -5362 + 5534. Calculate the highest common factor of c and 4816.
172
Let f(b) = -b**2 + 17*b - 21. Let v be f(12). Let z be 28/42*(-2 + 2 - -117). What is the greatest common divisor of z and v?
39
Let y(r) = -2*r + 258. Let p(k) = 86. Let g(f) = 14*p(f) - 5*y(f). Let q be g(10). Calculate the greatest common divisor of 105 and q.
7
Let r = 14 - 3. Let b = 160 - 164. Let i be (b/(8/(-2)) - 0)*1. Calculate the greatest common divisor of r and i.
1
Let k be 31 - (-4 + 20/4). Suppose -5*z + k = q, 0*z - 3*z = -q - 10. Let l be (-624)/(-14) + (0 - (-6)/14). Calculate the greatest common divisor of l and z.
5
Suppose -211 = 83*c - 709. Suppose -55 - 173 = -2*v. What is the greatest common factor of c and v?
6
Let b = -122 - -192. Let r(m) = 1287*m + 48911. Let t be r(-38). What is the greatest common divisor of t and b?
5
Let c be 1 + 2/(-1) - -5. Let h(r) = -932*r - 114628. Let i be h(-123). Calculate the greatest common divisor of c and i.
4
Suppose 1031 + 1145 = 34*n. What is the highest common divisor of 52 and n?
4
Let q be (36/(-84) - (-3)/105)*(-123 - 2). Calculate the greatest common factor of 18200 and q.
50
Suppose x - 2*n = 14, 29 = 3*x - 2*x - 5*n. Suppose 952 = -1166*y + 1180*y. What is the highest common divisor of y and x?
4
Suppose 70 = -21*b + 22*b. Let w be (71 + -1)*3/(-10)*-5. Calculate the greatest common factor of w and b.
35
Let k(o) = -3*o + 2. Let c be k(1). Let z(i) = -39*i - 1. Let r be z(c). Suppose 16*h - 215 = 393. Calculate the greatest common divisor of r and h.
38
Suppose -25*b + 87 = -13. Suppose 0 = 3*q - 2*f - 19 - 32, -b*f = 3*q - 33. What is the greatest common factor of 5 and q?
5
Let k be 11781/68 + 15 - (1/4 + -1). What is the highest common divisor of k and 56?
7
Suppose 1238*p + 17280 = 1256*p. What is the greatest common factor of 75 and p?
15
Suppose 9*r - 2905 = 461. Suppose -475 = -8*t + 115 - 46. Calculate the highest common divisor of t and r.
34
Let x(w) = 34*w + 122. Let t be x(10). Let p = t - 362. Calculate the highest common divisor of 175 and p.
25
Let m(g) = 35*g - 59. Let n be m(-15). Let w = n - -655. What is the highest common factor of w and 71?
71
Suppose 2*p + 1654 = 2*l, -5*p = -108*l + 107*l + 823. What is the greatest common divisor of 54 and l?
18
Suppose -71*b + 4102 - 517 = -2805. Suppose 0 = -5*l + 1 + 99. What is the greatest common factor of l and b?
10
Let s(b) be the first derivative of -b**3/3 + 5*b**2/2 + 13*b + 34. Let h be s(4). Suppose -22*u = -h*u - 5. What is the greatest common divisor of 1 and u?
1
Suppose -3*f - f = 20. Let a be ((-12)/f)/((-1)/(-5)). Suppose o - 5*o + 10*k = -14 + 112, -7*k = -77. Calculate the greatest common divisor of o and a.
3
Suppose -29*l + 42*l = 9022. Suppose 0 = -6*p + 814 - l. Calculate the highest common factor of 160 and p.
20
Let z(v) = v**3 + 11*v**2 + 57*v + 86. Let g be z(-2). Let m(y) = -2*y**3 + y**2 - 5*y. Let n be m(-4). Calculate the greatest common factor of n and g.
4
Let n = 2518 + -2320. Calculate the highest common factor of n and 1122.
66
Let y = -49 - -1. Let g be (182/21)/((-8)/(-48)). Let x = g + y. Calculate the greatest common factor of x and 24.
4
Let p be (256/(-20))/(36/(-90)). Let s = p - -481. What is the highest common factor of s and 19?
19
Let d(t) = 16*t. Let l = -216 - -217. Let k be d(l). Let r be (-1 + 61)/((-9)/(-24)). Calculate the highest common factor of k and r.
16
Let h(m) = -m**2 + 5*m + 4. Let i be h(5). Suppose 4*u = -i, d - 3*u - 69591 = 5*d. Let n be 4/18 - d/81. Calculate the highest common divisor of 86 and n.
43
Let d(y) = y**2 + 5*y - 7. Let x be d(-7). Let j(w) = 107*w + 249. Let n be j(-2). Calculate the highest common factor of x and n.
7
Suppose j = 2*j + 4*a - 2852, -40 = 5*a. What is the greatest common divisor of 70 and j?
14
Let x = -434 + 497. Suppose -x*y + 308 = -35*y. What is the greatest common factor of 275 and y?
11
Let a(p) = -2*p**2 + 45*p - 51. Suppose -222*w = -228*w + 126. Let g be a(w). Let i be 2/4*0 + 8. What is the highest common factor of i and g?
4
Suppose 0 = -11*k + 8*k + 21. Let d be (-1*7)/(7/(-14)). Suppose -10*o = -8*o - d. What is the greatest common divisor of k and o?
7
Let a = 1657 - 1437. Let b be 16/6*(-330)/(-8). Let i = a - b. What is the highest common factor of 10 and i?
10
Suppose -5*q + 64 - 4 = a, 0 = 6*a - 5*q - 570. What is the highest common divisor of a and 355?
5
Let a(f) = 4*f**2 + 3*f - 2. Let c be a(2). Suppose -2*z = 4*m - 1438, -5*z - 3 = 2. Suppose -5*b + m = b. What is the greatest common divisor of b and c?
20
Let g(b) = b**3 + 2*b**2 - 75*b + 141. Let x be g(9). Calculate the highest common factor of x and 5593.
119
Suppose 0 = -70*j + 71*j - 36. Let g(f) = 3*f**2 + 3*f + 3. Let c be g(4). What is the greatest common factor of j and c?
9
Suppose -4*p + 3*p 